0.
10
Let m = -53 - -44. Let s = 33 + m. What is the highest common divisor of s and 120?
24
Suppose 5*l - 116 = -f + 254, 2*f - 670 = 4*l. Calculate the greatest common divisor of f and 460.
115
Let u be -4*((-2)/(-4) - 1). Let r(a) = 2*a**3 + a**2 - a - 2. Let t be r(u). Let y = t - -11. What is the greatest common divisor of 27 and y?
27
Suppose 5*m - 220 = -y, -220 = 823*m - 828*m - 2*y. Suppose -2*f + 306 - 42 = 0. Calculate the greatest common factor of f and m.
44
Let j = -304 - -469. What is the greatest common divisor of 30 and j?
15
Suppose 3*f = 2*p + 76, 3*f - f = -3*p + 55. Suppose 3*i = -6, 0 = -0*t - t - 5*i + 16. What is the greatest common divisor of f and t?
26
Let g = -17 + 11. Let f(y) = -y**3 - 6*y**2 - 2*y + 4. Let n be f(g). Let d(j) = -j + 9. Let a be d(-7). Calculate the greatest common factor of a and n.
16
Suppose -s = -3*s. Suppose l - 6*l = -k + 84, 3*k + l - 204 = s. Let d(t) = t**2 + 6*t + 23. Let g be d(-6). Calculate the greatest common divisor of g and k.
23
Let c = 49 - -6. Let g(t) = 37 - 14 + 32 - 12 + 2*t. Let d be g(-19). What is the greatest common divisor of c and d?
5
Suppose -7 - 2 = h. Let n = -5 - h. Suppose -n*u + 2*g - g = -89, -121 = -5*u - 2*g. What is the greatest common factor of 207 and u?
23
Let x = -89 - -134. What is the highest common factor of 9 and x?
9
Suppose y - 2 = -0*y. Suppose 0 = -4*u + 3*r + 59, 5*u - y*r = -0*u + 65. Suppose -265*d + 305*d - 40 = 0. What is the greatest common divisor of u and d?
1
Let j(n) = 6*n**2 - 14*n + 2. Let d be j(-4). What is the highest common divisor of 44 and d?
22
Let r(v) = -9*v**3 + 2*v**2 + v. Let u be r(-1). Let p = 30 - -20. What is the greatest common divisor of p and u?
10
Let n(k) = 7*k. Let t be n(-8). Let p = 120 + t. Let y be 2/(-2) - -11 - 2. Calculate the greatest common divisor of y and p.
8
Let k(s) = 2*s + 17. Let j be k(-5). Suppose -37 = -5*m - j. Let v be (m/(-4))/(54/(-576)). What is the greatest common divisor of 2 and v?
2
Suppose 4*z - 3*p = 53, 0 = -20*p + 15*p + 5. What is the highest common divisor of z and 350?
14
Let s(a) = 11*a. Let h be (-50)/(-13) - 14/(-91). Let l be s(h). Suppose 4 = -4*k + l. Calculate the highest common factor of k and 10.
10
Suppose 0 = -17*m - 12*m + 16675. Calculate the highest common divisor of 25 and m.
25
Let s = -237 + 163. Let y be (-3 - -1) + s/(-2). Let a be (-6)/(-4)*(-308)/(-33). What is the highest common divisor of y and a?
7
Suppose s - 4 = -s. Let g(q) = -2*q**3 - 4*q**2 - 3*q**3 + 4*q**3 + 8*q - 7*q**s. Let t be g(-12). Calculate the highest common divisor of 16 and t.
16
Suppose 0*j - j = 5*j. Let f = 6 - -2. Suppose j*u - u + f = 0. Calculate the greatest common divisor of u and 72.
8
Let j be 6 - 3 - (-9 - -5 - 35). What is the greatest common divisor of 378 and j?
42
Suppose 0 = 2*s - 79 - 101. Calculate the greatest common divisor of s and 45.
45
Let q = 579 - 525. Calculate the highest common divisor of q and 594.
54
Suppose -744 = -4*y + y. Let q = -112 + 143. What is the highest common factor of q and y?
31
Suppose 4*o = -8*u + 5*u + 43, -3*o + 3*u = -48. What is the greatest common factor of o and 260?
13
Suppose -535 - 365 = -10*v. Calculate the greatest common divisor of v and 558.
18
Let z be (5 - 516/(-15)) + (-2)/5. Suppose -3*g - z = -3*r, 14 = 3*r + 2*g - 0. What is the highest common factor of 1 and r?
1
Let u = 25 - -6. Let a = -26 + u. What is the highest common divisor of 5 and a?
5
Let h be (0 + -45)*322/(-69). Let a be (h/25)/(1/(-5)). Let y = -4 - a. Calculate the greatest common factor of 57 and y.
19
Let y = -179 - -259. Let p be (-3)/(-24) + (-1530)/(-48). What is the highest common factor of p and y?
16
Let h = -4 + -83. Let f = 121 + h. What is the greatest common divisor of 34 and f?
34
Let s = -1052 - -1148. Calculate the highest common divisor of s and 112.
16
Let q be (-6)/(-4) - (13/(-2) - -4). Suppose 21 = m + 9. What is the greatest common factor of q and m?
4
Let h(p) = p**2 - 28*p - 85. Let f be h(-7). Calculate the highest common divisor of f and 30.
10
Let n be ((-41)/2)/(1/2 - 1). Suppose 0 = -j - 20 + n. Calculate the greatest common divisor of 42 and j.
21
Let q(h) = -5*h**3 - h**2 - 2*h - 1. Let i be q(-1). Let y(u) = -6*u**3 - u**2 + 8*u + 8. Let t be y(-1). Calculate the highest common divisor of t and i.
5
Let k(a) = 22 - 17 - 9*a**2 + 6*a + 3*a - 3*a**3 + 4*a**3. Let z be k(8). Calculate the greatest common divisor of 91 and z.
13
Let u(g) = -g + g + 12 - 9 + 12*g. Let m be u(4). Calculate the highest common divisor of 17 and m.
17
Let a(n) = -2*n + 3. Let y be a(0). Suppose 0 = 6*p + 5*p - 462. Calculate the highest common factor of y and p.
3
Let i be 936/66 + 1 + 26/(-22). Suppose -i*g + 19*g - 200 = 0. Let d be (-119)/(-14) - (-2)/(-4). Calculate the greatest common divisor of g and d.
8
Suppose 0 = 3*w - 122 - 13. Suppose -i - 5*a = 20, 2*a + 40 - 10 = 4*i. What is the highest common divisor of w and i?
5
Let v = -74 + 134. Suppose 310 = 4*j + 10. Let w = -51 + j. Calculate the highest common factor of w and v.
12
Let m = 218 + -119. Let c = 188 + -177. What is the greatest common factor of c and m?
11
Suppose 5*b - 2*b = -24. Let d = b + 18. What is the highest common factor of d and 4?
2
Suppose 0 = 2*l + l - 3*c - 876, -4*l + 1164 = -3*c. What is the greatest common factor of 18 and l?
18
Let d = -106 + 148. Let n be 3 - (6/14 - 18/d). What is the highest common factor of 24 and n?
3
Suppose 13*n - 22 - 43 = 0. What is the highest common factor of n and 265?
5
Let d(f) = -344*f**3 + f**2 + 7*f + 6. Let u be d(-1). Calculate the highest common factor of 43 and u.
43
Let h be ((-4)/(-8))/(4/(-96)). Let a(n) = n**3 + 12*n**2 + n + 18. Let p be a(h). What is the greatest common factor of 6 and p?
6
Suppose 30*c + 5*c - 420 = 0. What is the highest common divisor of 1284 and c?
12
Suppose -3*j = y - 2*y + 219, 0 = 4*y + 12. Let s = j - -129. Let a be 3 - 3 - (-25 - (-6 - -3)). Calculate the greatest common divisor of a and s.
11
Suppose 2*l - 250 = 5*p, -5*l + 92*p = 96*p - 625. What is the highest common factor of 100 and l?
25
Let n = 39 + -31. Suppose 171 + 389 = n*s. Calculate the highest common divisor of 10 and s.
10
Let o = -2741 + 2747. What is the highest common factor of 42 and o?
6
Let h be 6/(126/(-35)) + 334/6. What is the highest common factor of 351 and h?
27
Let y(p) = 2*p - 7. Let h be y(6). Suppose h*c = -0*c. Suppose 3*u - 5*s - 499 = c, u - 167 = -3*s + 4*s. Calculate the highest common divisor of u and 21.
21
Let w = 136 - 70. Suppose 5*j - 14 = w. What is the highest common divisor of j and 40?
8
Suppose o = 140 + 2148. Let n be o/(-33) - 1/(-3). Let v = 63 - n. Calculate the highest common factor of v and 12.
12
Let w(d) be the second derivative of -d**5/20 + 5*d**4/6 + 5*d**3/3 + 8*d**2 - 11*d. Let t be w(11). Calculate the greatest common divisor of 45 and t.
5
Let t be -3 - 6/(-9)*9. Calculate the greatest common factor of 489 and t.
3
Let s be (-3 - -5)*(-21)/(-6). Let z(u) = -u**2 + 8*u - 1. Let f be z(s). Let j = f - -2. What is the highest common factor of 64 and j?
8
Suppose 4 = -2*b - 5*y, 0 = -3*y + 1 - 7. What is the greatest common factor of 6 and b?
3
Let c(v) = v**2 - 9*v + 35. Let b be c(10). Calculate the highest common factor of b and 315.
45
Let v(r) = r**3 + 9*r**2 - 16*r + 18. Let m be v(-9). Calculate the greatest common divisor of 18 and m.
18
Let l be (-637)/(-52) + (3 - (-39)/(-12)). Calculate the highest common factor of l and 228.
12
Suppose 2*d + 25 + 39 = 4*j, 2 = -j - 4*d. Let a = 160 + -123. Suppose a*h - 38*h = -2. What is the greatest common factor of j and h?
2
Let n = -19 - -211. Calculate the greatest common divisor of 6 and n.
6
Let y be 59 - (10 - (0 - -4)). What is the greatest common factor of 159 and y?
53
Let p be (-12)/(-30) + (-39)/(-15). Suppose 3*i - 5*x + x - 58 = 0, -4*x = p*i - 26. Calculate the highest common factor of 154 and i.
14
Let w be -2 + -11 - (-233 + 70). What is the highest common factor of 12 and w?
6
Let c be (-1)/3 - (-38)/6. Let n = -104 - -250. Let p = -80 + n. What is the highest common divisor of p and c?
6
Let k(j) = -j**3 + 8*j**2 + 7*j + 3. Let s be k(6). Let v = s + -81. Let i = v - 22. Calculate the greatest common divisor of i and 3